*m - 2*b - 59 - 65, -2*m + 3*b + 54 = 0. Let q = 69 - m. Calculate the greatest common factor of 24 and q.
12
Suppose -23*o + 27 = -14*o. Let p be (-4)/10 + 77/5. Calculate the highest common factor of o and p.
3
Suppose 0 = -2*q + 3*p + 19, -2*q - 2*q + 35 = -3*p. What is the highest common divisor of q and 40?
8
Let k be 2*3/6 - 1. Suppose 0 = -k*l + 3*l - 3*z - 144, -l + 5*z + 64 = 0. What is the greatest common factor of 11 and l?
11
Let j = -9 - -3. Let g be (3/(-9))/(1/j). Suppose -g*t - 300 = -6*t. What is the highest common factor of t and 30?
15
Suppose 27 = -4*b + 3. Let t = b + 8. Suppose 0*k - t*l = 3*k - 34, 4*k - 52 = -4*l. What is the highest common divisor of k and 72?
8
Let c = 139 + -134. Suppose -4*o + 44 = -36. Calculate the greatest common factor of c and o.
5
Suppose -h = h - 14. Calculate the greatest common divisor of 49 and h.
7
Let g be 48/2 - (0 - 4). What is the highest common divisor of 84 and g?
28
Let t(w) = w**3 + w**2 + 15. Let u be t(0). Let p = u + -5. Let b = -201 - -281. Calculate the greatest common factor of b and p.
10
Let f = 5 + -2. Suppose -4*x - 10 = x, -f*o = -x - 50. What is the greatest common factor of 40 and o?
8
Let p be -3 + 5 + 4/2. Calculate the highest common factor of 12 and p.
4
Suppose 4*l + 0*l + 16 = 0. Let d(k) = -2*k + 2. Let y be d(l). Calculate the greatest common factor of 10 and y.
10
Let h be 3/21 + 1115/35. What is the greatest common factor of h and 288?
32
Let k(y) = -11*y - 19. Let j be k(-4). What is the highest common divisor of 50 and j?
25
Suppose 0 = 2*j - 3*c + 16, 0 = -3*j + 3*c - 32 + 11. Let o be j*((-16)/(-10) + 0). Let x be (-202)/o - 3/12. What is the greatest common divisor of x and 10?
5
Let g be (-4)/(-3*(-3)/(-18)). Suppose -p + 0*p = -32. Calculate the highest common divisor of p and g.
8
Let z(a) = -a**3 - 4*a**2 + 5*a. Let k be z(-6). What is the highest common divisor of 24 and k?
6
Let t = -59 - -32. Let y = 38 + t. What is the highest common divisor of y and 99?
11
Let x(p) = -p**3 - p + 6. Let b be x(0). Let f(s) = -s + 6. Let z be f(3). Calculate the highest common divisor of b and z.
3
Let q(z) = -55*z**3 + z**2 - z - 1. Let a be q(-1). Suppose 2 + 1 = x. Suppose -11 + x = -m. Calculate the highest common factor of a and m.
8
Let i(p) = 5*p**2 + 35*p + 2. Let s be i(-8). What is the greatest common divisor of 210 and s?
42
Let p be 2/((1 - 4)/(-3)). Suppose 0*n - p*n - 10 = 0. Let a(z) = z**3 + 5*z**2 - 2*z + 5. Let t be a(n). What is the greatest common factor of t and 15?
15
Let d be 1626/8 - (-15)/20. Suppose 4*b = -2*j + 76, 6*j - 4*b = j + d. What is the greatest common factor of j and 5?
5
Suppose 5*i - 130 = -8*h + 4*h, 0 = 2*i + 4*h - 40. Calculate the greatest common factor of i and 60.
30
Suppose 3*t = 3*h - 200 - 64, -4*h = -5*t - 349. What is the highest common factor of 7 and h?
7
Suppose 3*r = 2*g - 15, -3*g = 5*r + g + 47. Let q(a) = -a + 3. Let t be q(r). Suppose 4 = k - t. Calculate the greatest common divisor of 126 and k.
14
Let o = -59 - -62. What is the greatest common divisor of 7 and o?
1
Suppose 3*n + 0*y - 57 = -3*y, 0 = 4*n + 5*y - 77. Suppose 0 = 13*a - n*a + 60. What is the greatest common factor of a and 96?
12
Suppose 0 = 2*p - 3*p + 14. Let a = 15 - p. Calculate the greatest common factor of 3 and a.
1
Let h = -37 + 19. Let x = 59 - h. Calculate the greatest common divisor of 7 and x.
7
Let z(t) = t - 8. Let i be 88/4 - (0 - -2). Suppose 4*h - i = -4*d, -57 = -4*h - h + 3*d. Let r be z(h). Calculate the highest common factor of 7 and r.
1
Let o be -1*2/2 + 3. Let r be 6/o - (-3 + 3). Let g(c) = -c**3 + 5*c**2 - 2*c - 2. Let q be g(r). What is the greatest common divisor of q and 70?
10
Let c be (6 + 4)*(-1 - -3). Calculate the highest common divisor of c and 5.
5
Suppose 3*j - 67 = -i, 3*j + 153 = -0*i + 3*i. Calculate the greatest common divisor of i and 605.
55
Let l = 0 + 14. Calculate the greatest common factor of 21 and l.
7
Let s(c) = c + 15. Let u be s(-11). Suppose u*k - 5 = -k. Suppose j = 4*h - 7 - 10, -2*j + 11 = h. Calculate the highest common divisor of j and k.
1
Let q(k) = k**2 + 5*k - 3. Let s be q(-6). Let h(x) = x**2 - x - 9. Let y be h(-5). Calculate the highest common divisor of s and y.
3
Suppose 2*x + 6 = c, -c - 2*c = -5*x - 18. What is the greatest common divisor of c and 15?
3
Let y be (-2)/(-2)*(7 - 2). Let w(d) = -39*d + 1. Let f be w(-1). What is the highest common factor of y and f?
5
Let l be (-3)/(-2)*(-14)/(-21). Let s be -33*(0 - l)/1. What is the greatest common divisor of 22 and s?
11
Let d = -4 + 11. Calculate the highest common divisor of d and 49.
7
Suppose 4*z - 2*p = -20, -3*p - 6 = 4*z + 4. Let w be z/10 - (-224)/35. Calculate the highest common factor of w and 6.
6
Suppose 3*d + 2*y + 2*y - 319 = 0, 3*d + y = 316. What is the highest common divisor of 70 and d?
35
Suppose -2*n + 3*b = n - 69, n - 14 = -2*b. Calculate the greatest common divisor of n and 20.
20
Suppose 18 = 5*u - 7. Let x = u - -17. Calculate the highest common factor of x and 33.
11
Let w(z) = z - 1. Let h be w(4). Let d be 14/h*6/4. Calculate the greatest common divisor of d and 7.
7
Suppose m = -5*k + 11, -4*k + 7 + 0 = -m. Let i be (m + -8 + 0)/(-1). Calculate the greatest common factor of 7 and i.
7
Let l = 42 - 39. Calculate the greatest common divisor of l and 27.
3
Let h = 55 - 15. Calculate the greatest common divisor of h and 24.
8
Let z(g) = -g**3 - 11*g**2. Let l be z(-11). Suppose -4*t + 437 + 39 = l. What is the greatest common divisor of 17 and t?
17
Suppose 3*l + 0*l = 2*u + 62, -l + 22 = -u. What is the greatest common factor of l and 24?
6
Let q = -46 - -118. Calculate the greatest common divisor of 8 and q.
8
Suppose 2*t = -5*s + 119, 0 = -2*s - 2*s - 2*t + 94. What is the highest common factor of s and 5?
5
Suppose -6*o = -o - 245. Suppose 9 = -0*w + 3*w. Suppose g - w*g = -14. What is the greatest common factor of o and g?
7
Suppose 14 + 11 = -4*u - f, -17 = 2*u + 5*f. Let h(c) = c**3 + 7*c**2 - 7*c - 6. Let v be h(u). Calculate the greatest common factor of v and 9.
9
Let p = 8 + -5. Suppose 5*w = p + 2. What is the highest common divisor of 9 and w?
1
Let x = 11 - 7. Suppose 0 = p - 4*y - x - 24, 2*y - 112 = -4*p. Suppose -3*q + p = -q. Calculate the greatest common divisor of 56 and q.
14
Suppose 0*z = 2*x + 3*z - 52, -54 = -2*x - 4*z. Let n = x - 1. Calculate the highest common divisor of n and 11.
11
Let s(r) = 2*r - 2. Let y = 10 - 2. Let t be s(y). Let k be 1*3 - (-94 - 1). Calculate the highest common factor of k and t.
14
Let x(k) = 10*k**2 + 11*k - 6. Let d be x(7). Suppose 0*r - d = -3*r. Suppose 4*o - 85 = -o. Calculate the highest common factor of r and o.
17
Suppose -6*b + 13 = -29. Calculate the greatest common factor of 63 and b.
7
Let q = -130 - -171. What is the highest common factor of q and 41?
41
Let p be -22*2*(-14)/8. Calculate the highest common factor of 11 and p.
11
Suppose 0 = -i - 2*k + 163, -k = -3*i + 2*k + 444. Suppose -5*v = s - i, 5*v - s - 98 = 49. Calculate the greatest common divisor of 10 and v.
10
Let r be 1/2*20 - 2. Let n be (-6)/9 + (-52)/(-6). Calculate the highest common factor of r and n.
8
Let j = -25 + 61. Let g(w) = -17*w**3 + w**2 - w - 1. Let i be g(-1). Calculate the greatest common factor of i and j.
18
Let a(w) = w**2 + 5*w - 24. Let c be a(5). Calculate the greatest common factor of c and 104.
26
Let j be (32/2)/((-2)/(-7)). Calculate the greatest common divisor of j and 14.
14
Suppose -a + 0*a = -4*x + 43, x + 2*a = 4. Calculate the greatest common factor of x and 40.
10
Let m = 205 - 34. What is the highest common divisor of m and 19?
19
Let x = -168 - -288. Suppose 2*h + h - x = 0. What is the highest common divisor of 60 and h?
20
Let f(b) = 2*b**3 + 5*b**2 - 2*b - 5. Let a be f(4). Let l = 26 + 64. Let y = a - l. Calculate the highest common divisor of 21 and y.
21
Let b(q) = 16*q + 13. Let z be b(4). Calculate the greatest common divisor of z and 7.
7
Let q be -3 + (-19 - 1)/(-4). Suppose -4*k - 7*g + 3*g = -152, q*k + 5*g - 70 = 0. Calculate the highest common factor of k and 8.
8
Let y = -163 + 194. What is the highest common factor of 1 and y?
1
Suppose -2*m + 2 = 0, 5*y - m - 50 - 69 = 0. What is the highest common factor of 